ommon divisor of 9042606 and 43848?
522
What is the greatest common factor of 29345855 and 220?
55
Calculate the highest common divisor of 144566 and 230222.
86
Calculate the greatest common factor of 617316 and 103404.
84
What is the greatest common factor of 4686456 and 108?
12
Calculate the highest common factor of 6340 and 151327241.
317
Calculate the greatest common divisor of 249560413 and 4937.
4937
What is the highest common factor of 1526 and 173278?
14
What is the greatest common factor of 7782 and 7881869?
1297
Calculate the greatest common factor of 958 and 25801814.
958
What is the highest common divisor of 10654132 and 76?
4
What is the greatest common divisor of 208701297 and 336?
21
What is the greatest common divisor of 1313229 and 606?
3
Calculate the greatest common divisor of 79735200 and 192.
96
What is the highest common factor of 14 and 25466203?
7
Calculate the highest common divisor of 1913820 and 2505.
2505
Calculate the greatest common factor of 677349 and 1539.
27
What is the highest common divisor of 13 and 17779073?
13
What is the highest common divisor of 102 and 1960440?
102
What is the highest common divisor of 219 and 16854?
3
What is the greatest common divisor of 33241772 and 6108?
2036
What is the highest common divisor of 2734480 and 490?
70
What is the greatest common factor of 30 and 556773?
3
What is the greatest common factor of 3400 and 43887400?
200
What is the greatest common factor of 51020250 and 5250?
750
Calculate the greatest common divisor of 18 and 63585954.
18
Calculate the greatest common divisor of 515809541 and 19370.
1937
Calculate the highest common factor of 31383902 and 110.
22
What is the greatest common divisor of 24 and 43169928?
24
Calculate the highest common factor of 12800 and 98240.
320
Calculate the greatest common divisor of 6973308 and 24.
12
What is the greatest common divisor of 1374195 and 39270?
255
Calculate the highest common divisor of 2260160506 and 41.
41
Calculate the highest common factor of 41997084 and 6.
6
Calculate the greatest common factor of 9363952 and 27716.
676
Calculate the highest common divisor of 87 and 73828693.
29
What is the greatest common factor of 23168 and 2549747?
181
What is the highest common factor of 7452411 and 2199?
2199
Calculate the greatest common divisor of 91567 and 86005.
103
Calculate the highest common divisor of 1984 and 2523586.
62
What is the greatest common factor of 215523180 and 3240?
1620
Calculate the greatest common factor of 429856894 and 628.
314
What is the highest common divisor of 476608870 and 10?
10
What is the highest common factor of 540 and 2389383?
9
Calculate the highest common divisor of 396866 and 294752.
122
Calculate the greatest common divisor of 113457 and 279129.
177
Calculate the greatest common factor of 22542 and 2382516.
1734
Calculate the greatest common factor of 13615945 and 70.
35
Calculate the highest common factor of 1701 and 1232973.
63
Calculate the greatest common factor of 6475728 and 6146.
14
Calculate the greatest common factor of 2452 and 2992053.
613
Calculate the highest common divisor of 438 and 194826.
6
What is the highest common divisor of 60 and 336814980?
60
What is the greatest common factor of 272 and 16034?
2
Calculate the greatest common divisor of 17199 and 1503957.
1911
Calculate the greatest common divisor of 175 and 286821325.
175
Calculate the greatest common divisor of 2691244 and 26.
2
Calculate the greatest common factor of 13153887 and 135.
27
What is the greatest common factor of 1080 and 14130360?
360
Calculate the highest common divisor of 102410 and 582813.
77
Calculate the greatest common divisor of 17372774 and 3956.
1978
Calculate the greatest common divisor of 67 and 2033246588.
67
What is the greatest common factor of 1968647 and 722?
19
Calculate the greatest common factor of 138195 and 1274058.
333
What is the highest common factor of 41 and 1787999791?
41
Calculate the highest common factor of 9613549 and 671.
11
Calculate the highest common factor of 282569 and 133903.
259
What is the greatest common factor of 84565971 and 14?
7
What is the greatest common divisor of 3117 and 46415247?
3117
Calculate the highest common divisor of 11481968 and 3805.
761
Calculate the highest common factor of 615 and 550515.
15
Calculate the greatest common divisor of 15189775 and 1725.
575
Calculate the highest common factor of 48629459 and 2649.
883
Calculate the greatest common factor of 416136 and 7392.
168
Calculate the greatest common factor of 9677 and 6599297889.
9677
What is the highest common divisor of 2890 and 106363560?
2890
Calculate the greatest common divisor of 32424168 and 32.
8
What is the greatest common divisor of 7098 and 700518?
546
Calculate the greatest common divisor of 110630127 and 3.
3
Calculate the highest common divisor of 240064548 and 60.
12
Calculate the greatest common factor of 4465598 and 11522.
1646
What is the greatest common divisor of 91757932 and 8722?
1246
Calculate the highest common divisor of 96 and 359180048.
16
What is the highest common divisor of 594 and 88935759?
297
What is the highest common factor of 3819 and 10401683?
1273
What is the greatest common factor of 35 and 1757?
7
Calculate the greatest common divisor of 183 and 1626870.
183
Calculate the highest common divisor of 5795 and 2778940.
95
What is the greatest common divisor of 3163 and 2024051145?
3163
What is the highest common factor of 5922 and 102102518?
658
Calculate the greatest common factor of 90795 and 56505.
15
What is the greatest common divisor of 4202 and 677477?
191
What is the highest common factor of 628 and 7880458?
314
What is the highest common factor of 4420 and 132645084?
884
What is the highest common divisor of 558397146 and 4821?
4821
What is the highest common factor of 1176519 and 5474?
391
Calculate the highest common factor of 1266321 and 566538.
987
What is the highest common factor of 56 and 4069212?
28
What is the highest common factor of 2961 and 2572941?
21
What is the highest common divisor of 72 and 2048628?
12
Calculate the highest common factor of 234 and 2157896.
26
What is the highest common divisor of 30482118 and 136458?
6498
Calculate the greatest common factor of 2329 and 147237.
17
What is the greatest common divisor of 2015100 and 23400?
900
What is the highest common factor of 31112412 and 555?
111
Calculate the greatest common factor of 72768979 and 1.
1
What is the highest common factor of 51 and 281777227?
17
Calculate the highest common factor of 1055162779 and 341.
341
What is the greatest common factor of 2327172 and 1152?
12
Calculate the highest common factor of 1000 and 5948875.
125
What is the greatest common divisor of 540 and 55401192?
108
Calculate the greatest common divisor of 15290 and 1704670.
110
What is the highest common divisor of 115 and 319102?
23
Calculate the greatest common factor of 14582760 and 360.
120
What is the greatest common factor of 2505782 and 18748?
86
What is the highest common factor of 243356913 and 459?
27
Calculate the greatest common factor of 7756 and 916972.
28
What is the greatest common divisor of 2042 and 1243347254?
2042
What is the highest common factor of 24 and 331645572?
12
What is the highest common factor of 93810 and 444978?
354
What is the greatest common factor of 17725 and 199229?
709
Calculate the greatest common factor of 107061990 and 195.
15
What is the highest common divisor of 71015975 and 142?
71
What is the greatest common factor of 1926 and 6273?
9
What is the greatest common divisor of 948 and 120450984?
948
What is the greatest common divisor of 428 and 1690814?
214
What is the highest common divisor of 54414328 and 152?
152
Calculate the highest common divisor of 518454 and 3267.
27
Calculate the highest common divisor of 184508 and 82604.
772
What is the highest common divisor of 11 and 5151470269?
11
What is the highest common divisor of 69720 and 36520?
3320
What is the greatest common factor of 22300 and 357469?
223
Calculate the highest common divisor of 125788 and 2314.
26
What is the greatest common factor of 12501 and 1214449?
463
What is the highest common factor of 585 and 3464265?
15
Calculate the greatest common factor of 480